sor of 754 and 6344?
26
What is the highest common factor of 1319 and 6730857?
1319
Calculate the greatest common factor of 47476 and 13.
13
What is the highest common factor of 3395 and 560078?
97
What is the highest common divisor of 3836 and 49?
7
Calculate the highest common factor of 30 and 624180.
30
What is the highest common divisor of 1472 and 6716?
92
Calculate the greatest common divisor of 4044 and 33468.
12
Calculate the highest common divisor of 57841 and 14.
7
Calculate the highest common factor of 1946 and 13066.
278
Calculate the highest common divisor of 9620 and 3120.
260
What is the greatest common divisor of 140823 and 18?
9
What is the greatest common factor of 3798 and 234?
18
What is the highest common factor of 2952 and 167688?
72
Calculate the greatest common factor of 172 and 952278.
86
Calculate the highest common factor of 344596 and 5208.
868
Calculate the greatest common divisor of 6 and 6542.
2
Calculate the highest common factor of 5270 and 470.
10
What is the greatest common factor of 19 and 8293063?
19
What is the greatest common divisor of 680 and 442?
34
What is the highest common factor of 38735 and 15860?
305
Calculate the greatest common divisor of 90 and 4110.
30
Calculate the highest common divisor of 468 and 2880.
36
What is the highest common factor of 1896 and 233287?
79
Calculate the highest common divisor of 5 and 6315.
5
Calculate the highest common factor of 298301 and 199.
199
Calculate the highest common divisor of 41 and 137801.
41
What is the greatest common divisor of 2392 and 74750?
598
Calculate the highest common divisor of 480 and 117312.
96
What is the highest common factor of 712001 and 353?
353
Calculate the greatest common factor of 98 and 407722.
14
Calculate the highest common divisor of 377 and 4031.
29
What is the highest common divisor of 2375 and 5510?
95
What is the highest common divisor of 52104 and 3354?
78
What is the highest common factor of 2214 and 264450?
246
Calculate the greatest common factor of 254419 and 2222.
1111
What is the greatest common divisor of 4828 and 10224?
284
Calculate the highest common divisor of 3144 and 72.
24
Calculate the highest common factor of 3477960 and 360.
360
Calculate the greatest common factor of 128 and 1444640.
32
Calculate the greatest common factor of 165946 and 9196.
418
What is the highest common divisor of 22 and 30890?
2
What is the greatest common factor of 12762 and 18?
18
What is the greatest common factor of 66 and 1221?
33
Calculate the greatest common factor of 5706624 and 4032.
1344
Calculate the highest common factor of 31950 and 2075.
25
What is the highest common factor of 1325 and 4425?
25
What is the highest common divisor of 26247 and 897?
39
What is the highest common divisor of 8408 and 36?
4
Calculate the greatest common factor of 80 and 4210.
10
What is the highest common factor of 22 and 1933118?
22
Calculate the greatest common divisor of 1308 and 26487.
327
Calculate the highest common factor of 3744 and 20384.
416
What is the highest common factor of 60 and 78510?
30
What is the highest common factor of 64 and 6112?
32
What is the greatest common divisor of 1856 and 232768?
64
What is the highest common factor of 46557 and 45927?
63
What is the highest common factor of 791 and 71303?
113
Calculate the highest common factor of 3922 and 407.
37
Calculate the highest common factor of 8465 and 3.
1
Calculate the highest common factor of 424 and 1776.
8
Calculate the greatest common divisor of 13 and 15553.
1
Calculate the greatest common divisor of 7932 and 48.
12
What is the highest common divisor of 63 and 250908?
21
What is the highest common factor of 11 and 3988270?
11
Calculate the highest common divisor of 30 and 63350.
10
What is the greatest common factor of 24961 and 1145?
229
Calculate the greatest common divisor of 98113 and 82.
41
Calculate the greatest common divisor of 95778 and 8109.
153
What is the greatest common factor of 630 and 443457?
63
Calculate the highest common divisor of 345 and 64492.
23
What is the greatest common divisor of 960 and 979080?
120
What is the greatest common factor of 12168 and 45?
9
Calculate the highest common factor of 33350 and 4646.
46
Calculate the highest common factor of 2160 and 20220.
60
Calculate the greatest common divisor of 105 and 65065.
35
Calculate the highest common divisor of 1630 and 24270.
10
Calculate the greatest common divisor of 26520473 and 7.
7
What is the highest common factor of 304 and 12502?
38
Calculate the highest common factor of 9888 and 15072.
96
What is the greatest common factor of 414 and 1764675?
207
Calculate the highest common divisor of 16155118 and 61.
61
What is the greatest common factor of 112 and 297488?
16
Calculate the greatest common divisor of 3411 and 495.
9
Calculate the greatest common factor of 6078 and 78.
6
Calculate the highest common factor of 6540 and 23108.
436
What is the greatest common factor of 66 and 132732?
6
Calculate the highest common factor of 104 and 145808.
104
Calculate the highest common factor of 3449313 and 126.
63
What is the highest common factor of 88968 and 242?
22
What is the greatest common factor of 1881492 and 414?
138
What is the greatest common factor of 25652 and 1696?
212
What is the greatest common divisor of 60775 and 18975?
275
Calculate the highest common factor of 1924 and 15836.
148
Calculate the highest common factor of 456652 and 6580.
1316
Calculate the greatest common factor of 140 and 5295.
5
What is the greatest common factor of 199168 and 4736?
128
Calculate the greatest common divisor of 122956 and 236.
236
Calculate the highest common factor of 639 and 3978.
9
What is the greatest common factor of 33566 and 13?
13
What is the greatest common factor of 755633 and 17?
17
What is the highest common divisor of 1080 and 2124?
36
What is the greatest common factor of 370209 and 17934?
1281
What is the highest common divisor of 130 and 5889?
13
Calculate the greatest common factor of 16 and 14992.
16
What is the highest common divisor of 12337 and 5239?
169
What is the highest common divisor of 6664 and 72667?
49
What is the greatest common divisor of 151354 and 56?
14
Calculate the greatest common divisor of 20823 and 132.
33
Calculate the highest common factor of 1463121 and 99.
99
What is the greatest common divisor of 3952 and 4976?
16
Calculate the highest common divisor of 988 and 182416.
52
What is the greatest common divisor of 21056 and 2128?
112
Calculate the greatest common divisor of 1098 and 2322.
18
What is the greatest common factor of 9 and 24561?
9
What is the highest common factor of 54270 and 5265?
405
Calculate the greatest common divisor of 1814651 and 1.
1
What is the greatest common divisor of 11110 and 4620?
110
Calculate the greatest common divisor of 180 and 256260.
60
Calculate the highest common factor of 852 and 5100.
12
Calculate the highest common divisor of 66306 and 2838.
258
Calculate the highest common divisor of 93 and 12803.
31
Calculate the highest common factor of 8976 and 16320.
816
Calculate the greatest common factor of 2406 and 102.
6
What is the highest common factor of 138942 and 93?
93
Calculate the greatest common factor of 7656486 and 159.
159
Calculate the highest common factor of 274949 and 2755.
551
What is the greatest common divisor of 237992 and 568?
568
What is the highest common factor of 1003 and 49973?
59
Calculate the highest common factor of 86176 and 176.
16
What is the highest common divisor of 6223 and 36211?
49
Calculate the greatest common factor of 604 and 4279642.
302
What is the greatest common divisor of 1079 and 28769?
13
What is the highest common factor of 294 and 1197?
21
What is the highest common factor of 20064 and 14003?
209
Calculate the greatest common divisor of 200 and 11060600.
200
What is the greatest common factor of 292087 and 209?
19
Calculate the greatest common factor of 1555 and 1625.
5
What is the greatest common factor of 9171 and 1071?
9
Calculate the greatest common factor of 3882012 and 564.
564
Calculate the highest common divisor of 144 and 633504.
48
Calculate the highest common factor of 6354 and 558.
18
What is the highest common divisor of 32 and 14512016?
16
What is